{"id":52,"date":"2023-02-04T10:27:50","date_gmt":"2023-02-04T09:27:50","guid":{"rendered":"https:\/\/wey-beratung.de\/?page_id=52"},"modified":"2023-03-20T07:10:20","modified_gmt":"2023-03-20T06:10:20","slug":"trauma","status":"publish","type":"page","link":"https:\/\/wey-beratung.de\/index.php\/trauma\/","title":{"rendered":"Trauma"},"content":{"rendered":"\t\t<div data-elementor-type=\"wp-page\" data-elementor-id=\"52\" class=\"elementor elementor-52\" data-elementor-settings=\"{&quot;ha_cmc_init_switcher&quot;:&quot;no&quot;}\">\n\t\t\t\t\t\t<section class=\"elementor-section elementor-top-section elementor-element elementor-element-18b0e21 elementor-section-boxed elementor-section-height-default elementor-section-height-default\" data-id=\"18b0e21\" data-element_type=\"section\" data-e-type=\"section\" data-settings=\"{&quot;_ha_eqh_enable&quot;:false}\">\n\t\t\t\t\t\t<div class=\"elementor-container elementor-column-gap-default\">\n\t\t\t\t\t<div class=\"elementor-column elementor-col-100 elementor-top-column elementor-element elementor-element-c15b917\" data-id=\"c15b917\" data-element_type=\"column\" data-e-type=\"column\">\n\t\t\t<div class=\"elementor-widget-wrap elementor-element-populated\">\n\t\t\t\t\t\t<div class=\"elementor-element elementor-element-bcc1d56 elementor-widget elementor-widget-spacer\" data-id=\"bcc1d56\" data-element_type=\"widget\" data-e-type=\"widget\" data-widget_type=\"spacer.default\">\n\t\t\t\t<div class=\"elementor-widget-container\">\n\t\t\t\t\t\t\t<div class=\"elementor-spacer\">\n\t\t\t<div class=\"elementor-spacer-inner\"><\/div>\n\t\t<\/div>\n\t\t\t\t\t\t<\/div>\n\t\t\t\t<\/div>\n\t\t\t\t<div class=\"elementor-element elementor-element-1827135 elementor-widget elementor-widget-text-editor\" data-id=\"1827135\" data-element_type=\"widget\" data-e-type=\"widget\" data-widget_type=\"text-editor.default\">\n\t\t\t\t<div class=\"elementor-widget-container\">\n\t\t\t\t\t\t\t\t\t<p>Wenn wir das Wort TRAUMA h\u00f6ren, denken wir zun\u00e4chst an solch massive Ereignisse wie den Angriff auf die Twin-Towers, den Amoklauf von Winnenden oder die gro\u00dfe Flutwelle von Thailand \u2013 dem Tsunami.<\/p><p>Solche Ereignisse k\u00f6nnen k\u00f6rperliche und\/oder psychische Folgen ausl\u00f6sen, die wir als (Post-) Traumatische Belastungsst\u00f6rungen bezeichnen.<\/p><p>Doch vielleicht kennen Sie auch das:<\/p><ul><li><h5>Konzentrationsschw\u00e4che<\/h5><\/li><li><h5>der Kopf f\u00fchlt sich an, als sei er in Watte gepackt<\/h5><\/li><li><h5>Schwindelgef\u00fchle<\/h5><\/li><li><h5>sich \u201egef\u00fchlslos\u201c erleben<\/h5><\/li><li><h5>Wortfindungsst\u00f6rungen<\/h5><\/li><li><h5>schnelles erm\u00fcden<\/h5><\/li><li><h5>kraftlos sein<\/h5><\/li><\/ul><p>obwohl Ihnen \u201eeigentlich\u201c gar nichts fehlt.<\/p><p>Diese Anzeichen deuten auf ein Trauma hin. Doch Sie haben nie eine schwere oder massive Situation wie oben beschrieben erlebt. Ganz im Gegenteil: Sie haben ihre Kindheit wohl beh\u00fctet erlebt und waren zeitlebens nur in einer sicheren Umgebung.<\/p><p>Doch leider gibt es auch Formen von Traumata, die subtil sind und die sich im Laufe der Jahre auspr\u00e4gen.<\/p><ul><li><h5>Konnten Sie es ihren Eltern nie recht machen? Egal, was Sie taten, wozu Sie sich entschieden \u2013 in den Augen ihrer Eltern war es nie richtig.<\/h5><\/li><li><h5>F\u00e4llt es Ihnen heute schwer, Entscheidungen zu treffen?<\/h5><\/li><li><h5>Wurde Ihnen als Kind immer wieder \u201eklar\u201c gemacht, dass \u201eDu\u201c das eh nicht schaffen wirst?<\/h5><\/li><li><h5>Gibt es heute noch Bereiche in denen Sie sich inkompetent f\u00fchlen, obwohl es daf\u00fcr im Au\u00dfen keinen Grund gibt?<\/h5><\/li><li><h5>Bewegt Sie Schuld und Scham?<\/h5><\/li><li><h5>Reagieren Sie manchmal unangemessen heftig und Ihnen selbst ist dabei gar nicht nachvollziehbar, warum Sie so heftig reagiert haben? Und doch Sie k\u00f6nnen nichts dagegen tun?<\/h5><\/li><li><h5>Gibt es Situationen, die besonders geeignet sind Sie in Rage zu bringen?<\/h5><\/li><\/ul><h3>\u00a0<\/h3><h3>Ein Weg zum Umgang mit Traumata<\/h3><p>Ein traumatisches Erlebnis bleibt im Gehirn in einem unserer Arbeitsspeicher \u201estecken\u201c (dem Gef\u00fchlsarbeitsspeicher) und wird nicht auf der \u201eFestplatte\u201c (dem Gehirn) abgelegt. Es befindet sich st\u00e4ndig im sog. \u201ehot system\u201c(limbisches System). Da es hier keine Zeitschiene gibt, wird das Erlebnis, wenn es \u201egetriggert\u201c wird immer wieder NEU und immer wieder genau JETZT er-lebt!<\/p><p>Es gilt, das Erlebnis in den Erinnerungsspeicher zu transportieren, dort einen guten Platz zu finden, es mit einem Zeitstempel zu versehen und sicher zu verwahren.<br \/>Dazu brauchen wir als Arbeitsgrundlage \u201eSicherheit\u201c und \u201eKontrolle\u201c. Diese Elemente werden wir ma\u00dfgeschneidert f\u00fcr Sie erstellen. Es gilt nunmehr die k\u00f6rperlichen Reaktionen zuzuordnen und mit Ihnen umzugehen.<\/p><p><em>\u201eHeilung ist kein einmaliges Ereignis, sondern ein Weg. Sie ist ein Prozess, bei dem wir uns von A nach B bewegen, und dieser Prozess erfordert Zeit, Energie und Einsatz\u201c<\/em><\/p><p>(Zitat aus: Das gro\u00dfe Trauma-Selbsthilfebuch von J.L. Cori)<\/p><p>Diese Zeit, diese Energie und dieser Einsatz lohnt sich f\u00fcr Sie \u2013 denn Sie gewinnen wieder ein \u201efreies\u201c Leben zur\u00fcck.<\/p><ul><li><h5>In dieser Zeit m\u00f6chte ich Sie begleiten<\/h5><\/li><li><h5>Sie auf der Suche nach ihren Ressourcen unterst\u00fctzen,<\/h5><\/li><li><h5>Ihnen ein Spiegel daf\u00fcr sein, der Ihnen zeigt, was Sie bereits auf Ihrem Weg geleistet haben.<\/h5><\/li><\/ul>\t\t\t\t\t\t\t\t<\/div>\n\t\t\t\t<\/div>\n\t\t\t\t\t<\/div>\n\t\t<\/div>\n\t\t\t\t\t<\/div>\n\t\t<\/section>\n\t\t\t\t<\/div>\n\t\t","protected":false},"excerpt":{"rendered":"<p>Wenn wir das Wort TRAUMA h\u00f6ren, denken wir zun\u00e4chst an solch massive Ereignisse wie den Angriff auf die Twin-Towers, den Amoklauf von Winnenden oder die gro\u00dfe Flutwelle von Thailand \u2013 dem Tsunami. Solche Ereignisse k\u00f6nnen k\u00f6rperliche und\/oder psychische Folgen ausl\u00f6sen, die wir als (Post-) Traumatische Belastungsst\u00f6rungen bezeichnen. Doch vielleicht kennen Sie auch das: Konzentrationsschw\u00e4che der [&hellip;]<\/p>\n","protected":false},"author":1,"featured_media":0,"parent":0,"menu_order":0,"comment_status":"closed","ping_status":"closed","template":"","meta":{"ocean_post_layout":"","ocean_both_sidebars_style":"","ocean_both_sidebars_content_width":0,"ocean_both_sidebars_sidebars_width":0,"ocean_sidebar":"0","ocean_second_sidebar":"0","ocean_disable_margins":"enable","ocean_add_body_class":"","ocean_shortcode_before_top_bar":"","ocean_shortcode_after_top_bar":"","ocean_shortcode_before_header":"","ocean_shortcode_after_header":"","ocean_has_shortcode":"","ocean_shortcode_after_title":"","ocean_shortcode_before_footer_widgets":"","ocean_shortcode_after_footer_widgets":"","ocean_shortcode_before_footer_bottom":"","ocean_shortcode_after_footer_bottom":"","ocean_display_top_bar":"default","ocean_display_header":"default","ocean_header_style":"","ocean_center_header_left_menu":"0","ocean_custom_header_template":"0","ocean_custom_logo":0,"ocean_custom_retina_logo":0,"ocean_custom_logo_max_width":0,"ocean_custom_logo_tablet_max_width":0,"ocean_custom_logo_mobile_max_width":0,"ocean_custom_logo_max_height":0,"ocean_custom_logo_tablet_max_height":0,"ocean_custom_logo_mobile_max_height":0,"ocean_header_custom_menu":"0","ocean_menu_typo_font_family":"0","ocean_menu_typo_font_subset":"","ocean_menu_typo_font_size":0,"ocean_menu_typo_font_size_tablet":0,"ocean_menu_typo_font_size_mobile":0,"ocean_menu_typo_font_size_unit":"px","ocean_menu_typo_font_weight":"","ocean_menu_typo_font_weight_tablet":"","ocean_menu_typo_font_weight_mobile":"","ocean_menu_typo_transform":"","ocean_menu_typo_transform_tablet":"","ocean_menu_typo_transform_mobile":"","ocean_menu_typo_line_height":0,"ocean_menu_typo_line_height_tablet":0,"ocean_menu_typo_line_height_mobile":0,"ocean_menu_typo_line_height_unit":"","ocean_menu_typo_spacing":0,"ocean_menu_typo_spacing_tablet":0,"ocean_menu_typo_spacing_mobile":0,"ocean_menu_typo_spacing_unit":"","ocean_menu_link_color":"","ocean_menu_link_color_hover":"","ocean_menu_link_color_active":"","ocean_menu_link_background":"","ocean_menu_link_hover_background":"","ocean_menu_link_active_background":"","ocean_menu_social_links_bg":"","ocean_menu_social_hover_links_bg":"","ocean_menu_social_links_color":"","ocean_menu_social_hover_links_color":"","ocean_disable_title":"default","ocean_disable_heading":"default","ocean_post_title":"","ocean_post_subheading":"","ocean_post_title_style":"","ocean_post_title_background_color":"","ocean_post_title_background":0,"ocean_post_title_bg_image_position":"","ocean_post_title_bg_image_attachment":"","ocean_post_title_bg_image_repeat":"","ocean_post_title_bg_image_size":"","ocean_post_title_height":0,"ocean_post_title_bg_overlay":0.5,"ocean_post_title_bg_overlay_color":"","ocean_disable_breadcrumbs":"default","ocean_breadcrumbs_color":"","ocean_breadcrumbs_separator_color":"","ocean_breadcrumbs_links_color":"","ocean_breadcrumbs_links_hover_color":"","ocean_display_footer_widgets":"default","ocean_display_footer_bottom":"default","ocean_custom_footer_template":"0","footnotes":""},"class_list":["post-52","page","type-page","status-publish","hentry","entry"],"_links":{"self":[{"href":"https:\/\/wey-beratung.de\/index.php\/wp-json\/wp\/v2\/pages\/52","targetHints":{"allow":["GET"]}}],"collection":[{"href":"https:\/\/wey-beratung.de\/index.php\/wp-json\/wp\/v2\/pages"}],"about":[{"href":"https:\/\/wey-beratung.de\/index.php\/wp-json\/wp\/v2\/types\/page"}],"author":[{"embeddable":true,"href":"https:\/\/wey-beratung.de\/index.php\/wp-json\/wp\/v2\/users\/1"}],"replies":[{"embeddable":true,"href":"https:\/\/wey-beratung.de\/index.php\/wp-json\/wp\/v2\/comments?post=52"}],"version-history":[{"count":16,"href":"https:\/\/wey-beratung.de\/index.php\/wp-json\/wp\/v2\/pages\/52\/revisions"}],"predecessor-version":[{"id":239,"href":"https:\/\/wey-beratung.de\/index.php\/wp-json\/wp\/v2\/pages\/52\/revisions\/239"}],"wp:attachment":[{"href":"https:\/\/wey-beratung.de\/index.php\/wp-json\/wp\/v2\/media?parent=52"}],"curies":[{"name":"wp","href":"https:\/\/api.w.org\/{rel}","templated":true}]}}

<div data-elementor-type="wp-page" data-elementor-id="52" class="elementor elementor-52" data-elementor-settings="{&quot;ha_cmc_init_switcher&quot;:&quot;no&quot;}">
						<section class="elementor-section elementor-top-section elementor-element elementor-element-18b0e21 elementor-section-boxed elementor-section-height-default elementor-section-height-default" data-id="18b0e21" data-element_type="section" data-e-type="section" data-settings="{&quot;_ha_eqh_enable&quot;:false}">
						<div class="elementor-container elementor-column-gap-default">
					<div class="elementor-column elementor-col-100 elementor-top-column elementor-element elementor-element-c15b917" data-id="c15b917" data-element_type="column" data-e-type="column">
			<div class="elementor-widget-wrap elementor-element-populated">
						<div class="elementor-element elementor-element-bcc1d56 elementor-widget elementor-widget-spacer" data-id="bcc1d56" data-element_type="widget" data-e-type="widget" data-widget_type="spacer.default">
				<div class="elementor-widget-container">
							<div class="elementor-spacer">
			<div class="elementor-spacer-inner"></div>
		</div>
						</div>
				</div>
				<div class="elementor-element elementor-element-1827135 elementor-widget elementor-widget-text-editor" data-id="1827135" data-element_type="widget" data-e-type="widget" data-widget_type="text-editor.default">
				<div class="elementor-widget-container">
									<p>Wenn wir das Wort TRAUMA hören, denken wir zunächst an solch massive Ereignisse wie den Angriff auf die Twin-Towers, den Amoklauf von Winnenden oder die große Flutwelle von Thailand – dem Tsunami.</p><p>Solche Ereignisse können körperliche und/oder psychische Folgen auslösen, die wir als (Post-) Traumatische Belastungsstörungen bezeichnen.</p><p>Doch vielleicht kennen Sie auch das:</p><ul><li><h5>Konzentrationsschwäche</h5></li><li><h5>der Kopf fühlt sich an, als sei er in Watte gepackt</h5></li><li><h5>Schwindelgefühle</h5></li><li><h5>sich „gefühlslos“ erleben</h5></li><li><h5>Wortfindungsstörungen</h5></li><li><h5>schnelles ermüden</h5></li><li><h5>kraftlos sein</h5></li></ul><p>obwohl Ihnen „eigentlich“ gar nichts fehlt.</p><p>Diese Anzeichen deuten auf ein Trauma hin. Doch Sie haben nie eine schwere oder massive Situation wie oben beschrieben erlebt. Ganz im Gegenteil: Sie haben ihre Kindheit wohl behütet erlebt und waren zeitlebens nur in einer sicheren Umgebung.</p><p>Doch leider gibt es auch Formen von Traumata, die subtil sind und die sich im Laufe der Jahre ausprägen.</p><ul><li><h5>Konnten Sie es ihren Eltern nie recht machen? Egal, was Sie taten, wozu Sie sich entschieden – in den Augen ihrer Eltern war es nie richtig.</h5></li><li><h5>Fällt es Ihnen heute schwer, Entscheidungen zu treffen?</h5></li><li><h5>Wurde Ihnen als Kind immer wieder „klar“ gemacht, dass „Du“ das eh nicht schaffen wirst?</h5></li><li><h5>Gibt es heute noch Bereiche in denen Sie sich inkompetent fühlen, obwohl es dafür im Außen keinen Grund gibt?</h5></li><li><h5>Bewegt Sie Schuld und Scham?</h5></li><li><h5>Reagieren Sie manchmal unangemessen heftig und Ihnen selbst ist dabei gar nicht nachvollziehbar, warum Sie so heftig reagiert haben? Und doch Sie können nichts dagegen tun?</h5></li><li><h5>Gibt es Situationen, die besonders geeignet sind Sie in Rage zu bringen?</h5></li></ul><h3> </h3><h3>Ein Weg zum Umgang mit Traumata</h3><p>Ein traumatisches Erlebnis bleibt im Gehirn in einem unserer Arbeitsspeicher „stecken“ (dem Gefühlsarbeitsspeicher) und wird nicht auf der „Festplatte“ (dem Gehirn) abgelegt. Es befindet sich ständig im sog. „hot system“(limbisches System). Da es hier keine Zeitschiene gibt, wird das Erlebnis, wenn es „getriggert“ wird immer wieder NEU und immer wieder genau JETZT er-lebt!</p><p>Es gilt, das Erlebnis in den Erinnerungsspeicher zu transportieren, dort einen guten Platz zu finden, es mit einem Zeitstempel zu versehen und sicher zu verwahren.<br />Dazu brauchen wir als Arbeitsgrundlage „Sicherheit“ und „Kontrolle“. Diese Elemente werden wir maßgeschneidert für Sie erstellen. Es gilt nunmehr die körperlichen Reaktionen zuzuordnen und mit Ihnen umzugehen.</p><p><em>„Heilung ist kein einmaliges Ereignis, sondern ein Weg. Sie ist ein Prozess, bei dem wir uns von A nach B bewegen, und dieser Prozess erfordert Zeit, Energie und Einsatz“</em></p><p>(Zitat aus: Das große Trauma-Selbsthilfebuch von J.L. Cori)</p><p>Diese Zeit, diese Energie und dieser Einsatz lohnt sich für Sie – denn Sie gewinnen wieder ein „freies“ Leben zurück.</p><ul><li><h5>In dieser Zeit möchte ich Sie begleiten</h5></li><li><h5>Sie auf der Suche nach ihren Ressourcen unterstützen,</h5></li><li><h5>Ihnen ein Spiegel dafür sein, der Ihnen zeigt, was Sie bereits auf Ihrem Weg geleistet haben.</h5></li></ul>								</div>
				</div>
					</div>
		</div>
					</div>
		</section>
				</div>

<p>Wenn wir das Wort TRAUMA hören, denken wir zunächst an solch massive Ereignisse wie den Angriff auf die Twin-Towers, den Amoklauf von Winnenden oder die große Flutwelle von Thailand – dem Tsunami. Solche Ereignisse können körperliche und/oder psychische Folgen auslösen, die wir als (Post-) Traumatische Belastungsstörungen bezeichnen. Doch vielleicht kennen Sie auch das: Konzentrationsschwäche der [&hellip;]</p>
